0 and 6071?
1
Calculate the highest common divisor of 14744475 and 300.
75
What is the highest common factor of 3117 and 58773?
3
What is the greatest common divisor of 47244 and 1041908?
508
What is the greatest common divisor of 70010039 and 11?
11
What is the highest common factor of 922801824 and 6048?
2016
Calculate the greatest common factor of 819 and 199880793.
63
Calculate the highest common divisor of 580 and 178756.
116
What is the greatest common factor of 2210 and 10089976?
442
Calculate the highest common factor of 192 and 10580916.
12
What is the highest common factor of 77324 and 1138436?
52
What is the highest common factor of 506 and 2925232?
46
Calculate the highest common factor of 43089 and 11448.
159
What is the highest common factor of 38988 and 37202?
38
What is the highest common factor of 3230 and 395940?
10
Calculate the greatest common factor of 1212 and 878350338.
606
Calculate the greatest common divisor of 383685584 and 5648.
5648
Calculate the greatest common factor of 966242 and 14678.
358
What is the greatest common factor of 105754413 and 321?
321
What is the greatest common factor of 1109171 and 5404?
1351
What is the highest common divisor of 36585923 and 55?
11
Calculate the highest common divisor of 665 and 363225660.
665
Calculate the greatest common factor of 22925307 and 2073.
2073
Calculate the highest common divisor of 2024 and 18859264.
184
What is the greatest common factor of 134368 and 235521?
13
Calculate the highest common factor of 2213436 and 416678.
2654
What is the greatest common divisor of 776 and 12818356?
388
What is the greatest common divisor of 21 and 2267937?
21
What is the greatest common divisor of 15768 and 77921514?
3942
Calculate the highest common divisor of 15247785 and 3990.
1995
Calculate the highest common factor of 84 and 236475036.
84
What is the greatest common divisor of 13286 and 12082?
14
What is the greatest common factor of 2178 and 1859044?
242
What is the highest common factor of 8232964 and 178432?
2788
What is the greatest common divisor of 13280 and 302535?
415
Calculate the highest common factor of 96033 and 33711.
51
What is the highest common factor of 110766 and 34?
2
Calculate the highest common divisor of 172044 and 53136.
324
What is the highest common divisor of 61 and 1785027811?
61
Calculate the greatest common factor of 23078 and 79574.
22
Calculate the highest common divisor of 226426 and 6.
2
What is the highest common divisor of 112710 and 5495046?
1734
What is the highest common factor of 12270838 and 442?
34
What is the greatest common divisor of 47 and 5998939?
47
What is the greatest common divisor of 209311209 and 15309?
2187
Calculate the greatest common factor of 10387 and 20267.
13
What is the highest common divisor of 79347530 and 50?
10
What is the greatest common factor of 52193 and 5612657?
1273
Calculate the greatest common divisor of 55079248 and 14.
14
Calculate the highest common divisor of 1809004 and 478040.
2516
What is the highest common divisor of 3029 and 91079001?
3029
Calculate the greatest common divisor of 634376 and 259192.
1432
Calculate the greatest common factor of 4383 and 38010837.
1461
Calculate the highest common factor of 134453 and 135333.
11
What is the greatest common factor of 17897480 and 861795?
8705
Calculate the highest common factor of 168370557 and 184.
23
Calculate the highest common factor of 1608 and 64488036.
804
What is the highest common factor of 710090 and 2220?
10
Calculate the highest common factor of 190850 and 1464100.
550
Calculate the highest common divisor of 4519134 and 2790.
18
What is the highest common factor of 10720 and 1868630?
670
What is the greatest common divisor of 470 and 62477335?
235
What is the greatest common factor of 102 and 24832274?
34
Calculate the greatest common factor of 30613 and 74173.
121
Calculate the highest common divisor of 545292 and 78084.
324
What is the greatest common divisor of 12 and 1571856?
12
Calculate the greatest common factor of 14 and 9888991.
7
Calculate the highest common factor of 1280405 and 23555.
35
What is the greatest common factor of 725865 and 175055?
1115
What is the greatest common divisor of 11043801 and 208638?
1557
Calculate the highest common divisor of 433112816 and 115.
23
What is the greatest common divisor of 3516 and 6792619?
293
What is the greatest common factor of 151892 and 13003276?
6604
What is the highest common factor of 19640 and 17528?
8
What is the highest common divisor of 25985274 and 1748?
38
What is the highest common divisor of 705390 and 245?
35
What is the greatest common divisor of 16653033 and 1701?
243
Calculate the greatest common divisor of 660 and 35269740.
660
What is the highest common divisor of 664640 and 9161312?
2144
Calculate the greatest common divisor of 75 and 18032475.
75
Calculate the highest common divisor of 132129 and 1927089.
2493
Calculate the greatest common factor of 38647 and 10094.
7
Calculate the greatest common divisor of 776497540 and 1036.
1036
Calculate the greatest common factor of 157627589 and 21530.
2153
Calculate the greatest common factor of 21 and 2265803127.
21
What is the greatest common factor of 8740058 and 72050?
262
What is the highest common divisor of 5327 and 477261911?
5327
Calculate the highest common divisor of 19115103 and 353472.
5523
Calculate the highest common factor of 945 and 6102810.
945
Calculate the highest common factor of 6577662 and 171990.
3822
What is the highest common divisor of 3557722 and 14726?
398
Calculate the highest common divisor of 6276521 and 188.
47
What is the greatest common divisor of 221 and 45705673?
221
Calculate the greatest common factor of 4664 and 47416.
8
Calculate the greatest common divisor of 31 and 400738.
1
What is the greatest common factor of 37122 and 1508014?
538
What is the highest common divisor of 175 and 1477980?
35
Calculate the greatest common divisor of 331712 and 23288.
568
What is the highest common divisor of 9 and 38417112?
9
What is the greatest common factor of 82 and 47880579?
41
Calculate the highest common divisor of 2218577082 and 174.
174
Calculate the highest common factor of 89245106 and 46.
46
Calculate the highest common divisor of 197156 and 128087.
23
Calculate the highest common divisor of 2780 and 9214310.
1390
What is the highest common factor of 519696 and 27?
27
What is the highest common divisor of 10056255 and 22125?
885
What is the highest common factor of 3085 and 65024396?
617
Calculate the highest common factor of 100384 and 1112.
8
Calculate the greatest common divisor of 257852736 and 24276.
3468
What is the highest common factor of 83202 and 2476950?
294
Calculate the greatest common divisor of 2668 and 1399504.
92
What is the highest common factor of 206604233 and 2178?
121
Calculate the highest common divisor of 168 and 8544552.
24
Calculate the greatest common divisor of 99168904 and 3254.
3254
What is the highest common factor of 114 and 1639947?
57
What is the highest common factor of 5443225 and 24597?
911
What is the highest common divisor of 19300 and 2518150?
50
What is the greatest common divisor of 45 and 171071676?
9
What is the greatest common divisor of 1168258 and 13?
13
What is the greatest common divisor of 131747 and 1516949?
413
What is the highest common factor of 990125 and 225?
25
Calculate the greatest common divisor of 292 and 327619693.
73
Calculate the greatest common divisor of 11190558 and 66.
6
What is the greatest common factor of 88775128 and 13?
13
What is the highest common divisor of 2331 and 3293378991?
2331
What is the highest common divisor of 121 and 73523?
1
What is the highest common factor of 1134 and 84882?
42
Calculate the greatest common factor of 266772 and 85404.
132
Calculate the greatest common factor of 23809104 and 264.
264
What is the highest common divisor of 1924 and 15695252?
148
What is the highest common factor of 81456 and 12285?
3
What is the greatest common divisor of 228 and 29088753?
57
What is the greatest common factor of 463821 and 408003?
1329
Calculate the highest common factor of 16769990 and 322.
46
What is the greatest common factor of 88 and 973269?
11
What is the highest common factor of 5422055